s digit of 48205219?
5
What is the ten thousands digit of 7089312009?
1
What is the millions digit of 374927547?
4
What is the hundred thousands digit of 389633172?
6
What is the hundred thousands digit of 184601864?
6
What is the units digit of 249947919?
9
What is the ten millions digit of 9078289152?
7
What is the ten millions digit of 3158113375?
5
What is the ten thousands digit of 99304098?
0
What is the millions digit of 169192299?
9
What is the ten thousands digit of 1540208147?
0
What is the hundred thousands digit of 41435312?
4
What is the thousands digit of 88015495?
5
What is the hundreds digit of 51829826?
8
What is the ten millions digit of 7369724345?
6
What is the ten millions digit of 566214459?
6
What is the ten thousands digit of 111535803?
3
What is the hundreds digit of 404889518?
5
What is the thousands digit of 127659040?
9
What is the hundred thousands digit of 3571099953?
0
What is the ten thousands digit of 56254724?
5
What is the thousands digit of 71554373?
4
What is the millions digit of 1016004978?
6
What is the tens digit of 20310377?
7
What is the hundred thousands digit of 103163263?
1
What is the hundreds digit of 491589491?
4
What is the ten millions digit of 2196349139?
9
What is the millions digit of 96843698?
6
What is the hundred thousands digit of 2871629279?
6
What is the ten thousands digit of 4722179?
2
What is the millions digit of 155522434?
5
What is the hundreds digit of 679075578?
5
What is the ten millions digit of 49840597?
4
What is the tens digit of 467212241?
4
What is the hundreds digit of 9211923?
9
What is the ten thousands digit of 106769846?
6
What is the thousands digit of 884329292?
9
What is the ten millions digit of 56250951?
5
What is the hundreds digit of 4116754?
7
What is the hundreds digit of 833134161?
1
What is the hundred millions digit of 548918481?
5
What is the units digit of 74361503?
3
What is the ten millions digit of 1781046315?
8
What is the hundreds digit of 934027?
0
What is the tens digit of 20846454?
5
What is the millions digit of 7953789536?
3
What is the millions digit of 51137079?
1
What is the hundred thousands digit of 6376692157?
6
What is the hundreds digit of 14939497?
4
What is the hundreds digit of 16238319?
3
What is the millions digit of 220100463?
0
What is the hundred millions digit of 1092276420?
0
What is the millions digit of 79684781?
9
What is the ten millions digit of 465865603?
6
What is the hundred millions digit of 1048943285?
0
What is the hundreds digit of 123900327?
3
What is the tens digit of 180190150?
5
What is the thousands digit of 17873744?
3
What is the millions digit of 1674037096?
4
What is the ten millions digit of 646158302?
4
What is the hundred millions digit of 5641031600?
6
What is the ten thousands digit of 438344084?
4
What is the ten millions digit of 7666955951?
6
What is the thousands digit of 223658590?
8
What is the hundred millions digit of 620030855?
6
What is the ten millions digit of 653216534?
5
What is the tens digit of 51753012?
1
What is the units digit of 28614793?
3
What is the units digit of 45091359?
9
What is the billions digit of 1331865889?
1
What is the ten thousands digit of 1228366383?
6
What is the ten thousands digit of 52156553?
5
What is the thousands digit of 94782020?
2
What is the hundred millions digit of 3868096491?
8
What is the tens digit of 433441975?
7
What is the millions digit of 1019645438?
9
What is the hundred thousands digit of 22963315?
9
What is the tens digit of 44240824?
2
What is the units digit of 213120595?
5
What is the thousands digit of 661046708?
6
What is the hundreds digit of 1040711504?
5
What is the thousands digit of 35333463?
3
What is the ten thousands digit of 6564402160?
0
What is the thousands digit of 522498278?
8
What is the hundreds digit of 2581982736?
7
What is the hundred thousands digit of 78861655?
8
What is the hundreds digit of 19170106?
1
What is the tens digit of 1285095072?
7
What is the units digit of 5365452864?
4
What is the hundred thousands digit of 20037222?
0
What is the units digit of 18009945?
5
What is the millions digit of 177092348?
7
What is the ten millions digit of 611474466?
1
What is the ten thousands digit of 107167768?
6
What is the hundred thousands digit of 36126271?
1
What is the tens digit of 35135067?
6
What is the ten thousands digit of 38490330?
9
What is the hundreds digit of 394303199?
1
What is the ten millions digit of 251490933?
5
What is the ten millions digit of 20372286?
2
What is the ten thousands digit of 15769642?
6
What is the millions digit of 3370136337?
0
What is the tens digit of 831694692?
9
What is the ten thousands digit of 218984553?
8
What is the thousands digit of 2504006702?
6
What is the hundred thousands digit of 3636575275?
5
What is the hundreds digit of 35127564?
5
What is the billions digit of 2245868828?
2
What is the ten millions digit of 340711330?
4
What is the tens digit of 3750451216?
1
What is the millions digit of 26629762?
6
What is the ten millions digit of 1606032754?
0
What is the thousands digit of 655673458?
3
What is the tens digit of 45058757?
5
What is the hundreds digit of 21888674?
6
What is the millions digit of 585547148?
5
What is the ten millions digit of 74813503?
7
What is the hundred millions digit of 1295236727?
2
What is the ten thousands digit of 607752268?
5
What is the ten thousands digit of 71836286?
3
What is the thousands digit of 5152583?
2
What is the ten millions digit of 177815455?
7
What is the ten millions digit of 170305787?
7
What is the tens digit of 684814176?
7
What is the hundred millions digit of 342538868?
3
What is the millions digit of 189282598?
9
What is the billions digit of 1278176360?
1
What is the ten millions digit of 74266302?
7
What is the tens digit of 975378018?
1
What is the ten millions digit of 170331241?
7
What is the thousands digit of 858958108?
8
What is the hundreds digit of 47550348?
3
What is the units digit of 66455866?
6
What is the hundred millions digit of 538827136?
5
What is the units digit of 615787656?
6
What is the hundred thousands digit of 15995977?
9
What is the ten thousands digit of 104665662?
6
What is the millions digit of 17183740?
7
What is the units digit of 2086993952?
2
What is the thousands digit of 2329609657?
9
What is the thousands digit of 1344886977?
6
What is the millions digit of 1365821678?
5
What is the hundred thousands digit of 53620839?
6
What is the hundreds digit of 636280929?
9
What is the tens digit of 149565540?
4
What is the billions digit of 1827474504?
1
What is the millions digit of 156329948?
6
What is the hundreds digit of 99796204?
2
What is the thousands digit of 2230083636?
3
What is the hundreds digit of 182478666?
6
What is the thousands digit of 225075533?
5
What is the units digit of 1400273223?
3
What is the hundred thousands digit of 720589339?
5
What is the hundred thousands digit of 70472231?
4
What is the thousands digit of 32503674?
3
What is the billions digit of 2414202229?
2
What is the millions digit of 43112648?
3
What is the hundred millions digit of 923103208?
9
What is the thousands digit of 468590181?
0
What is the units digit of 1077627250?
0
What is the hundred millions digit of 2999946264?
9
What is the hundreds digit of 62017311?
3
What is the hundreds digit of 1073964882?
8
What is the millions digit of 1659402014?
9
What is the hundred millions digit of 124175260?
1
What is the hundred thousands digit of 58392508?
3
What is the tens digit of 730194203?
0
What is the ten thousands digit of 449818735?
1
What is the hundred thousands digit of 52634349?
6
What is the hundred thousands digit of 79360344?
3
What is the millions digit of 48817753?
8
What is the tens digit of 768911041?
4
What is the thousands digit of 658725231?
5
What is the hundreds digit of 507041502?
5
What is the hundreds digit of 260809055?
0
What is the billions digit of 1044799676?
1
What is the hundred millions digit of 393992097?
3
What is the millions digit of 1289241905?
9
What is the thousands digit of 1775741116?
1
What is the ten millions digit of 14461027?
1
What is the ten millions digit of 127911926?
2
What is the units digit of 45570638?
8
What is the ten millions d